o - 1. Let z be y(-3). Suppose -5*m - t - 57 = 0, -5*m + 0*m - 45 = z*t. Let b = 45 - m. Calculate the remainder when b is divided by 30.
27
Let t = 1 - -2. Suppose 2*l = 0, 2*m + l - t*l = 50. Suppose 0 = -h + 13 + m. What is the remainder when h is divided by 10?
8
Suppose -3*q + 22 = -2*p - 43, -p + 5 = 0. Let j(k) = -k**3 + 35*k**2 + 42*k - 94. What is the remainder when j(36) is divided by q?
22
Suppose 3*p - 4*n - 107 = 0, 3*n = p - 18 - 21. Calculate the remainder when 131 is divided by p.
32
Suppose -11*y + 3888 = 7*y. Calculate the remainder when y is divided by 16.
8
Let i(z) = 13*z**2 + 46*z + 272. What is the remainder when i(-7) is divided by 31?
29
Suppose -75*a - 397 = -1271 - 326. Let m = 111 + -67. Calculate the remainder when m is divided by a.
12
Suppose 5*k = -d - 2*d + 110, -4*d = 2*k - 128. Let n = -85 + 48. Let l = 48 + n. What is the remainder when d is divided by l?
8
Let s = -579 + 673. Suppose 24 = 3*u - u. What is the remainder when s is divided by u?
10
Suppose 6*p = 258 + 18. What is the remainder when p is divided by 16?
14
Let y be ((-2)/5)/(14/3010). Let j = y - -167. Calculate the remainder when j is divided by 12.
9
Let v be 3 - 2 - 3/((-6)/(-22)). Let h(g) = g**2 - 2*g - 30. Calculate the remainder when h(v) is divided by 48.
42
Let g be 1/((-2)/(-158)) - 3. Let d = 108 - g. What is the remainder when 94 is divided by d?
30
Let r be 70/(-21) + 3 - (-43)/3. Let l = r + -3. What is the remainder when 21 is divided by l?
10
Let d = -9 + 6. Let j be 4/1 + (d - -5). Suppose 0 = c - 3*m - j - 13, -4*c + m = -87. Calculate the remainder when 85 is divided by c.
19
Suppose -5*q = -14*s + 9*s + 380, 3*s = 4*q + 224. What is the remainder when 155 is divided by s?
75
Let w(t) = t**3 - 9*t**2 - 2*t + 21. Let z = 3 - -14. What is the remainder when z is divided by w(9)?
2
Let j(v) = v**3 - 32*v**2 - 36*v + 104. What is the remainder when 452 is divided by j(33)?
2
Let j = -131 + 165. Calculate the remainder when j is divided by 19.
15
Let a = 288 + -252. Calculate the remainder when 64 is divided by a.
28
Suppose 36*r - 31*r - 215 = -2*n, n + 5 = 0. Calculate the remainder when 130 is divided by r.
40
Suppose -3*g + 126 = -0*g - 5*w, 0 = 3*g - 4*w - 123. Suppose 5*a + 10 - 130 = -5*y, -a - 56 = -3*y. Calculate the remainder when g is divided by y.
17
Let l = 157 + -102. Let w = 66 - l. Calculate the remainder when 53 is divided by w.
9
Let a = -79 + 94. Calculate the remainder when 113 is divided by a.
8
Let r = -2224 - -2238. Let j(g) = 27*g. Calculate the remainder when j(2) is divided by r.
12
Let h(y) = 15*y**3 - 3*y**2 - 3*y + 8. Let g = -28 + 56. What is the remainder when h(2) is divided by g?
26
Let z(q) = -q**2 - 11*q + 22. Calculate the remainder when z(-7) is divided by 5.
0
What is the remainder when 247 is divided by ((-6)/11)/((-12)/264)?
7
Suppose j - 2*j + 20 = -4*i, -5*i - 113 = -4*j. What is the remainder when 287 is divided by j?
31
Suppose 3*i = -15 - 42. Let m = 53 + i. What is the remainder when m is divided by 12?
10
Suppose 3*q - 12 = -0. Suppose q*s + 18 - 54 = 0. Let x(g) = -g**3 + 9*g**2 + g + 5. What is the remainder when x(s) is divided by 8?
6
What is the remainder when (-746)/(-8) + 105/140 is divided by 33?
28
Calculate the remainder when (-44)/(-6)*42*6/4 is divided by 16.
14
Let v(i) = 5*i**2 + 125*i + 3. Suppose -8*l + 4*l = -20. Let d(s) = s + 6. Calculate the remainder when d(l) is divided by v(-25).
2
Let t(b) = -b**2 + 5*b - 4. Let r be t(3). Let q be r/7 - (-2965)/35. Suppose -7 = 3*s - q. What is the remainder when 75 is divided by s?
23
Let f be ((-1404)/5)/(-3 - 56/(-20)). What is the remainder when 38 is divided by (2/3)/(9*8/f)?
12
Let j(n) = n**3 + 37*n**2 - 6*n - 39. What is the remainder when j(-37) is divided by 17?
13
Let c = -83 + 94. Suppose -15 = -f - 2*f. Let n = f + 14. Calculate the remainder when n is divided by c.
8
Let h(v) = -3*v**2 + 3*v + 14. Let d(x) = 4*x**2 - 5*x - 21. Let u(a) = -5*d(a) - 7*h(a). What is the remainder when u(-5) is divided by 3?
0
Suppose r + 3*h - 2*h = 6, 4*r - 3*h = 17. Let g = r - -27. What is the remainder when g is divided by 18?
14
Suppose -62*k = -11*k - 20298. What is the remainder when k is divided by 19?
18
Suppose 5*w = 33 + 37. Suppose -37 = -3*c + w. Calculate the remainder when 30 is divided by c.
13
Let h(l) = 2*l**2 + 2*l - 3. Let f be h(2). Let r(y) = 2*y + 3. Calculate the remainder when (2/6)/((-3)/(-747)) is divided by r(f).
20
Let t = -10 - -12. Let s(f) = t*f - f + 4 + 6. Calculate the remainder when 14 is divided by s(-6).
2
Suppose -4*j = -279 - 65. What is the remainder when 92 is divided by j?
6
Suppose 0 = -o + 2, -3*o + 160 = 2*i - 2*o. What is the remainder when i is divided by 4 + ((-27)/(-1) - 4)?
25
Let g(k) = 3*k**2 + k + 16. Let h be 1 + 2 - 2/(-2). Let r(p) = 14*p**2. Calculate the remainder when g(h) is divided by r(-1).
12
Suppose -147774 + 30015 = -51*h. What is the remainder when h is divided by 21?
20
Calculate the remainder when 182 is divided by 90/(-75) + 633/15.
18
Suppose -20*g + 165 = -115. What is the remainder when 41 is divided by g?
13
Let x = -277 - -409. Suppose x*a - 137*a + 40 = 0. What is the remainder when 14 is divided by a?
6
What is the remainder when ((-316230)/747)/(0 - (-4)/(-6)) is divided by 49?
47
Let f = -19 + 23. What is the remainder when 17 is divided by (6/9)/(f/30)?
2
Suppose -5*z + 21*z - 3056 = 0. What is the remainder when z is divided by 49?
44
Let q be -3*(-8)/12 - -11. Let n(d) = d**2 - 8*d - 29. Calculate the remainder when n(q) is divided by 13.
10
Let z(r) = 2*r**2 - 6*r - 3. Let q be z(4). Suppose -4*u = -d + 12, -q*u = 2*d + d - 19. Calculate the remainder when 15 is divided by d.
7
Suppose -15 = -5*x, -4*r - 7*x + 10*x + 1031 = 0. Calculate the remainder when r is divided by 22.
18
Let i = 18 - -23. Calculate the remainder when i is divided by -33*8/36*-3.
19
Suppose 26*q - 452 = 22*q - 5*l, 4*q = 5*l + 452. Calculate the remainder when q is divided by 39.
35
What is the remainder when (-25 + 26)/((6/194)/3) is divided by 16?
1
Let q be 3 + (-9)/5 - (-2)/(-10). Calculate the remainder when -5*111/(-15)*q is divided by 14.
9
Let s be (-5)/((-5)/(-3)) + 51. What is the remainder when 19 is divided by s/5 - 40/(-100)?
9
Let l(g) = 2*g**2 - 1. Let p be l(7). Suppose -3*y + p - 28 = 0. Suppose 3*u = 17 + 7. Calculate the remainder when y is divided by u.
7
Let y(b) = 5*b**2 + 14*b + 21. What is the remainder when y(-6) is divided by 12?
9
Suppose -34 + 4 = 5*z. What is the remainder when 15 is divided by (-44)/z - (-4)/6?
7
What is the remainder when 226 - ((-36)/(-4) + -5) is divided by 57?
51
Let q = -1521 - -1603. What is the remainder when q is divided by 52?
30
Suppose 10*z = 1027 - 827. Calculate the remainder when 218 is divided by z.
18
Suppose 0 = 4*n - 93 + 345. Let l = n + 74. Suppose 2*g - 7*g = -260. Calculate the remainder when g is divided by l.
8
Let d = -46 - -55. Suppose -5*a + c + 39 = 4*c, -a = -5*c + d. Calculate the remainder when 21 is divided by a.
3
Let v be (-3)/(-18)*2*15. Suppose 7 = c - 4*n, 0 = -v*c - 5*n + 51 + 9. Let g = 3 - -1. What is the remainder when c is divided by g?
3
Suppose -4*p + 2*p - 4*v = -278, 5*p - 630 = 3*v. Calculate the remainder when p is divided by 45.
39
Let a(c) = -c**2 + 31*c - 154. What is the remainder when 242 is divided by a(7)?
4
Suppose -5*f = l + 27, -95 = -3*l + 6*l + f. Let x = -16 - l. What is the remainder when 45 is divided by x?
13
Calculate the remainder when 35 is divided by -12*(-5 + 75/20).
5
Let t(q) = 5*q - 2. Let h(n) = -n**3 - 3*n**2 - 3*n + 3. Calculate the remainder when h(-4) is divided by t(5).
8
Let a = -13 - -25. Suppose 2*l - 28 = -n, -l + a = 2*n - 29. Suppose 0 = 3*i - 15, -3*i - 49 - 7 = -x. What is the remainder when x is divided by n?
17
Let f(a) be the third derivative of 0 + 0*a - 4*a**2 - 13/6*a**3 + 1/8*a**4. What is the remainder when 23 is divided by f(7)?
7
Suppose 3021 - 760 = 17*l. Calculate the remainder when 264 is divided by l.
131
Let g(d) = -3*d**2 - 54*d - 26. Calculate the remainder when g(-6) is divided by 18.
10
Suppose 2*m - 72 = -m + 5*t, 0 = m - 3*t - 28. What is the remainder when m is divided by 12?
7
Let r(g) = 3*g**2 - 2*g + 21. Let v(o) = -10*